ided by 47.
26
What is the remainder when 76125 is divided by 785?
765
What is the remainder when 5039122 is divided by 239958?
4
What is the remainder when 34402 is divided by 7952?
2594
What is the remainder when 16461847 is divided by 16461658?
189
What is the remainder when 169209 is divided by 146?
141
What is the remainder when 91053 is divided by 7016?
6861
Calculate the remainder when 857661 is divided by 4514.
1
What is the remainder when 200220 is divided by 736?
28
What is the remainder when 147071 is divided by 354?
161
Calculate the remainder when 344424 is divided by 114122.
2058
Calculate the remainder when 3109591 is divided by 1097.
693
Calculate the remainder when 11279267 is divided by 902.
659
Calculate the remainder when 1188752 is divided by 594323.
106
Calculate the remainder when 6524066 is divided by 6434.
6424
What is the remainder when 196774 is divided by 196747?
27
Calculate the remainder when 1229576 is divided by 396.
392
What is the remainder when 820107912 is divided by 1095?
1092
Calculate the remainder when 53081423 is divided by 423.
422
What is the remainder when 1957093 is divided by 727?
9
What is the remainder when 147716099 is divided by 2258?
2255
What is the remainder when 1414394 is divided by 2080?
2074
What is the remainder when 173835 is divided by 270?
225
What is the remainder when 6396 is divided by 240?
156
What is the remainder when 14899073 is divided by 69298?
3
Calculate the remainder when 1009923683 is divided by 924.
923
Calculate the remainder when 27879 is divided by 161.
26
Calculate the remainder when 5335128 is divided by 66.
18
What is the remainder when 9359741 is divided by 21467?
129
Calculate the remainder when 2654851 is divided by 3672.
3667
What is the remainder when 47050606 is divided by 11501?
15
Calculate the remainder when 743302 is divided by 1033.
575
What is the remainder when 218610 is divided by 13662?
18
What is the remainder when 84987528 is divided by 433?
20
What is the remainder when 52474 is divided by 3078?
148
What is the remainder when 59760 is divided by 2214?
2196
Calculate the remainder when 31953 is divided by 31788.
165
What is the remainder when 174707 is divided by 2689?
2611
What is the remainder when 6386992 is divided by 7105?
6702
What is the remainder when 20913845 is divided by 114?
89
Calculate the remainder when 1655604 is divided by 131.
26
What is the remainder when 204380 is divided by 1928?
12
What is the remainder when 790457 is divided by 197607?
29
Calculate the remainder when 591311 is divided by 295625.
61
Calculate the remainder when 48629 is divided by 9694.
159
Calculate the remainder when 976568 is divided by 61035.
8
What is the remainder when 883625 is divided by 5795?
2785
What is the remainder when 294807 is divided by 2228?
711
What is the remainder when 288428 is divided by 28?
0
Calculate the remainder when 58051067 is divided by 770.
767
What is the remainder when 4290911 is divided by 4512?
4511
What is the remainder when 809835 is divided by 40487?
95
What is the remainder when 1082315 is divided by 19?
18
Calculate the remainder when 377838 is divided by 41979.
27
What is the remainder when 5730 is divided by 217?
88
What is the remainder when 6806471 is divided by 909?
788
What is the remainder when 2659272 is divided by 132?
0
What is the remainder when 8815258 is divided by 1077?
13
What is the remainder when 10190 is divided by 2577?
2459
What is the remainder when 23252 is divided by 10547?
2158
Calculate the remainder when 4445762 is divided by 2222879.
4
What is the remainder when 1231198 is divided by 246236?
18
Calculate the remainder when 127347235 is divided by 63673613.
9
What is the remainder when 5093637 is divided by 1992?
93
Calculate the remainder when 8116770 is divided by 2029181.
46
Calculate the remainder when 6283680 is divided by 904.
880
What is the remainder when 13706471 is divided by 75?
71
Calculate the remainder when 828435 is divided by 576.
147
What is the remainder when 1294567 is divided by 7152?
55
Calculate the remainder when 28663093 is divided by 2356.
2353
What is the remainder when 2513733 is divided by 524?
105
Calculate the remainder when 2104000 is divided by 5131.
290
Calculate the remainder when 4784261 is divided by 49320.
221
Calculate the remainder when 2323776 is divided by 42250.
26
Calculate the remainder when 37985994 is divided by 7305.
7299
What is the remainder when 361647 is divided by 2103?
2034
Calculate the remainder when 705294 is divided by 310.
44
What is the remainder when 184881 is divided by 335?
296
Calculate the remainder when 730162 is divided by 2355.
112
What is the remainder when 9631643 is divided by 49141?
7
Calculate the remainder when 8787 is divided by 545.
67
What is the remainder when 2229982 is divided by 2229975?
7
Calculate the remainder when 4590274 is divided by 5646.
76
What is the remainder when 148927953 is divided by 4029?
4026
What is the remainder when 418192 is divided by 27?
16
Calculate the remainder when 26615760 is divided by 305928.
24
Calculate the remainder when 247913 is divided by 4274.
21
What is the remainder when 13711460 is divided by 189?
77
Calculate the remainder when 266843 is divided by 1550.
243
What is the remainder when 4680369 is divided by 449?
442
Calculate the remainder when 82179709 is divided by 548.
533
What is the remainder when 54401 is divided by 1647?
50
What is the remainder when 2380423 is divided by 476083?
8
What is the remainder when 329645 is divided by 329633?
12
Calculate the remainder when 178739 is divided by 35730.
89
What is the remainder when 39223181 is divided by 112?
109
Calculate the remainder when 117338 is divided by 29313.
86
Calculate the remainder when 1477080 is divided by 323.
1
What is the remainder when 3046405 is divided by 380800?
5
What is the remainder when 22252161 is divided by 876?
9
Calculate the remainder when 6903599 is divided by 270.
239
What is the remainder when 318981119 is divided by 3279?
3278
What is the remainder when 147892 is divided by 86?
58
What is the remainder when 34529051 is divided by 2656075?
76
Calculate the remainder when 14163 is divided by 5892.
2379
What is the remainder when 10828050 is divided by 370?
0
What is the remainder when 2360153 is divided by 4797?
29
What is the remainder when 2903246 is divided by 235?
56
What is the remainder when 6479593 is divided by 1248?
1225
What is the remainder when 1033347 is divided by 16935?
312
What is the remainder when 2750227 is divided by 19?
15
What is the remainder when 9239 is divided by 242?
43
Calculate the remainder when 103235446 is divided by 10.
6
Calculate the remainder when 12049697 is divided by 3887.
3884
What is the remainder when 799025 is divided by 72638?
7
Calculate the remainder when 1395855 is divided by 609.
27
What is the remainder when 71874723 is divided by 13?
11
What is the remainder when 357617981 is divided by 395?
386
Calculate the remainder when 676787 is divided by 346.
11
Calculate the remainder when 1433294 is divided by 159239.
143
Calculate the remainder when 133065 is divided by 44311.
132
What is the remainder when 490944717 is divided by 11?
10
What is the remainder when 88183136 is divided by 11?
8
Calculate the remainder when 270795 is divided by 320.
75
Calculate the remainder when 5091357 is divided by 867.
333
Calculate the remainder when 1380463 is divided by 6391.
7
Calculate the remainder when 33381584 is divided by 73.
71
Calculate the remainder when 196212 is divided by 759.
390
Calculate the remainder when 134260 is divided by 9154.
6104
What is the remainder when 1384781 is divided by 150?
131
Calculate the remainder when 521946 is divided by 751.
1
Calculate the remainder when 2293711 is divided by 785.
726
What is the remainder when 4259806 is divided by 145?
141
Calculate the remainder when 1093368 is divided by 39.
3
Calculate the remainder when 243799 is divided by 272.
87
Calculate the remainder when 1282260 is divided by 124.
100
Calculate the remainder when 411526 is divided by 948.
94
What is the remainder when 6229592 is divided by 275?
17
Calculate the remainder when 4300042 is divided by 206.
204
What is the remainder when 20422